10360?
False
Is 36 a factor of 828?
True
Does 8 divide 483?
False
Is 1656 a multiple of 92?
True
Does 41 divide 8118?
True
Is 1694 a multiple of 60?
False
Does 13 divide 6871?
False
Is 215 a multiple of 5?
True
Does 6 divide 21654?
True
Is 21 a factor of 3967?
False
Is 5 a factor of 140?
True
Is 18 a factor of 1428?
False
Does 27 divide 459?
True
Does 22 divide 23122?
True
Is 35 a factor of 4340?
True
Is 8 a factor of 170?
False
Is 296 even?
True
Does 28 divide 11827?
False
Is 8 a factor of 542?
False
Does 15 divide 4455?
True
Is 6732 a multiple of 66?
True
Does 262 divide 145261?
False
Does 14 divide 594?
False
Is 308 a multiple of 7?
True
Does 6 divide 1566?
True
Is 10 a factor of 2202?
False
Is 89 a factor of 49901?
False
Is 150 even?
True
Is 1584 a multiple of 22?
True
Is 33 a factor of 6948?
False
Is 471 a multiple of 12?
False
Is 853 a multiple of 17?
False
Is 14 a factor of 56?
True
Is 142 a factor of 9676?
False
Is 4845 a multiple of 95?
True
Does 13 divide 12543?
False
Is 1122 a multiple of 34?
True
Does 11 divide 239?
False
Does 132 divide 13332?
True
Is 14 a factor of 1465?
False
Is 10 a factor of 4413?
False
Does 5 divide 75?
True
Is 7638 a multiple of 30?
False
Is 196 a multiple of 83?
False
Is 171 a factor of 342?
True
Does 5 divide 60?
True
Does 22 divide 3179?
False
Does 4 divide 10688?
True
Is 33574 a multiple of 33?
False
Is 47 a factor of 66375?
False
Is 33 a factor of 7029?
True
Is 29 a factor of 191458?
True
Is 8 a factor of 8033?
False
Is 20 a factor of 2580?
True
Is 102956 a multiple of 11?
False
Is 1833 a multiple of 19?
False
Does 7 divide 3266?
False
Is 4 a factor of 367?
False
Is 46 a factor of 19917?
False
Is 16 a factor of 8688?
True
Does 10 divide 1010?
True
Does 75 divide 1725?
True
Is 9 a factor of 469?
False
Does 7 divide 36426?
False
Is 485 a multiple of 28?
False
Is 4425 a multiple of 59?
True
Is 1900 a multiple of 95?
True
Is 369 a multiple of 41?
True
Is 653 a multiple of 132?
False
Is 33 a factor of 14652?
True
Is 13 a factor of 6448?
True
Does 9 divide 891?
True
Is 1910 a multiple of 191?
True
Is 54 a factor of 4277?
False
Is 22 a factor of 219?
False
Is 5775 a multiple of 35?
True
Is 6769 a multiple of 35?
False
Is 31239 a multiple of 13?
True
Is 903 a multiple of 29?
False
Does 135 divide 46845?
True
Is 142 a multiple of 64?
False
Is 14 a factor of 1876?
True
Is 116 a factor of 7076?
True
Does 13 divide 13780?
True
Is 11920 a multiple of 16?
True
Is 5538 a multiple of 105?
False
Is 1294 a multiple of 38?
False
Is 440 a multiple of 3?
False
Is 7 a factor of 222?
False
Is 5818 a multiple of 134?
False
Is 9090 a multiple of 15?
True
Is 68 a multiple of 17?
True
Is 569 a multiple of 78?
False
Is 4349 a multiple of 15?
False
Does 14 divide 392?
True
Is 166 a multiple of 6?
False
Is 637 a multiple of 14?
False
Is 102 a multiple of 5?
False
Is 262 a factor of 63404?
True
Is 16 a factor of 5931?
False
Is 78 a factor of 11232?
True
Does 113 divide 31753?
True
Does 45 divide 675?
True
Does 19 divide 19?
True
Does 14 divide 4648?
True
Is 3 a factor of 108?
True
Is 73 a factor of 16508?
False
Does 48 divide 9141?
False
Is 102 a multiple of 2?
True
Does 22 divide 10618?
False
Is 96 a multiple of 4?
True
Is 375 even?
False
Does 10 divide 630?
True
Does 89 divide 801?
True
Is 201 a factor of 3051?
False
Is 31 a factor of 21514?
True
Is 8164 a multiple of 26?
True
Is 60 a factor of 13669?
False
Is 14 a factor of 3168?
False
Is 14 a factor of 1162?
True
Does 15 divide 825?
True
Does 54 divide 32055?
False
Is 1200 a multiple of 7?
False
Is 1524 a multiple of 3?
True
Does 6 divide 52758?
True
Is 26 a factor of 99683?
False
Does 37 divide 7820?
False
Is 82344 a multiple of 146?
True
Does 22 divide 518?
False
Is 4440 a multiple of 135?
False
Is 11 a factor of 1804?
True
Does 2 divide 86?
True
Does 37 divide 10397?
True
Is 25 a factor of 150?
True
Does 12 divide 11748?
True
Is 12927 a multiple of 93?
True
Does 67 divide 6566?
True
Is 8 a multiple of 3?
False
Does 6 divide 367?
False
Does 29 divide 1363?
True
Does 42 divide 34423?
False
Is 68 a factor of 1889?
False
Does 57 divide 1265?
False
Is 716 a multiple of 49?
False
Does 8 divide 469?
False
Is 2382 a multiple of 6?
True
Does 13 divide 231?
False
Does 39 divide 328?
False
Does 3 divide 2110?
False
Does 46 divide 1307?
False
Does 23 divide 477?
False
Does 23 divide 20125?
True
Is 488 a multiple of 8?
True
Does 2 divide 1233?
False
Does 2 divide 7576?
True
Is 4473 a multiple of 16?
False
Does 8 divide 112?
True
Does 33 divide 18381?
True
Is 8 a factor of 1232?
True
Does 7 divide 315?
True
Is 585 a multiple of 3?
True
Does 247 divide 1482?
True
Is 96782 a multiple of 217?
True
Is 50 a factor of 2010?
False
Is 47 a factor of 2256?
True
Is 597 a multiple of 11?
False
Is 2526 a multiple of 24?
False
Does 9 divide 1053?
True
Does 10 divide 14999?
False
Is 4753 a multiple of 9?
False
Does 13 divide 555?
False
Is 173 even?
False
Does 33 divide 1287?
True
Is 2708 a multiple of 14?
False
Is 36 a factor of 11556?
True
Is 366 even?
True
Is 2703 a multiple of 34?
False
Is 7995 a multiple of 39?
True
Is 25698 a multiple of 26?
False
Does 14 divide 3539?
False
Is 8855 a multiple of 35?
True
Does 34 divide 4624?
True
Does 19 divide 209?
True
Is 4 a factor of 4540?
True
Is 9 a factor of 2592?
True
Is 12 a factor of 204?
True
Is 95430 a multiple of 15?
True
Is 3330 a multiple of 18?
True
Does 185 divide 9065?
True
Does 12 divide 106068?
True
Is 2729 a multiple of 22?
False
Is 7220 a multiple of 50?
False
Is 45831 a multiple of 247?
False
Is 1029 a multiple of 38?
False
Is 3526 a multiple of 86?
True
Is 11 a factor of 416?
False
Is 286 a multiple of 9?
False
Is 14 a factor of 1134?
True
Is 9604 a multiple of 160?
False
Is 2 a factor of 36?
True
Is 11852 a multiple of 27?
False
Does 50 divide 135?
False
Does 77 divide 34428?
False
Does 4 divide 273?
False
Does 37 divide 296?
True
Is 6615 a multiple of 93?
False
Is 4547 a multiple of 56?
False
Is 60 a multiple of 6?
True
Is 6195 a multiple of 7?
True
Is 381 a multiple of 72?
False
Is 9 a factor of 668?
False
Does 7 divide 195?
False
Is 21 a factor of 138189?
False
Is 5603 a multiple of 13?
True
Does 25 divide 4425?
True
Is 1748 a multiple of 23?
True
Does 50 divide 8102?
False
Does 56 divide 36512?
True
Is 76 a factor of 1748?
True
Is 124 a factor of 1038?
False
Is 15154 a multiple of 26?
False
Is 8331 a multiple of 3?
True
Does 126 divide 23440?
False
Is 47 a factor of 3726?
False
Does 90 divide 688?
False
Does 8 divide 24326?
False
Is 1071 a multiple of 3?
True
Is 1728 a multiple of 27?
True
Does 8 divide 31?
False
Is 957 a multiple of 13?
False
Does 28 divide 5993?
False
Is 78 a factor of 10430?
False
Is 315 a multiple of 7?
True
Is 107 a factor of 3532?
False
Does 171 divide 3781?
False
Is 24552 a multiple of 132?
True
Is 377 a multiple of 29?
True
Does 9 divide 2520?
True
Is 122 a multiple of 3?
False
Is 14 a factor of 132860?
True
Is 4935 a multiple of 47?
True
Is 85155 a multiple of 41?
False
Is 273 even?
False
Is 9 a factor of 713?
False
Does 42 divide 1057?
False
Is 26 a factor of 5319?
False
Does 97 divide 1094?
False
Does 11 divide 41954?
True
Is 44 a factor of 2018?
False
Is 8 a factor of 283?
False
Is 577 even?
False
Is 34 a factor of 328?
False
Is 90 a factor of 4230?
True
Does 88 divide 6336?
True
Is 11 a factor of 1964?
False
Does 8 divide 1056?
True
Is 50 even?
True
Is 5819 a multiple of 69?
False
Does 6 divide 100?
False
Is 578 a multiple of 5?
False
Is 34 a factor of 4828?
True
Does 7 divide 9008?
False
Is 62 a factor of 20398?
True
Does 23 divide 15502?
True
Does 6 divide 4686?
True
Is 23 a factor of 452?
False
Is 3570 a multiple of 15?
True
Does 10 divide 5820?
True
Is 3254 a multiple of 12?
False
Is 629 a multiple of 37?
True
Is 20826 a multiple of 26?
True
Is 6 a factor of 1974?
True
Does 73 divide 5366?
False
Is 8 a factor of 58129?
False
Is 66 a factor of 9438?
True
Does 41 divide 2419?
True
Is 49 a factor of 7399?
True
Is 1639 a multiple of 15?
False
Is 37 a multiple of 33?
False
Does 45 divide 8370?
True
Does 257 divide 66306?
True
Is 4418 even?
True
Does 229 divide 346?
False
Is 14 a factor of 1032?
False
Is 312 a multiple of 12?
True
Does 9 divide 1998?
True
Is 10 a factor of 40411?
False
Is 1386 a multiple 